{"id":1434,"date":"2024-11-05T15:51:02","date_gmt":"2024-11-05T14:51:02","guid":{"rendered":"https:\/\/fiwc.pl\/?page_id=1434"},"modified":"2024-11-05T16:07:52","modified_gmt":"2024-11-05T15:07:52","slug":"career-networking-hub","status":"publish","type":"page","link":"https:\/\/fiwc.pl\/?page_id=1434","title":{"rendered":"CAREER NETWORKING HUB."},"content":{"rendered":"\t\t<div data-elementor-type=\"wp-page\" data-elementor-id=\"1434\" class=\"elementor elementor-1434\">\n\t\t\t\t<div class=\"elementor-element elementor-element-08cf72f e-con-full e-flex e-con e-parent\" data-id=\"08cf72f\" data-element_type=\"container\" data-core-v316-plus=\"true\">\n\t\t\t\t<div class=\"elementor-element elementor-element-d31b037 elementor-widget elementor-widget-heading\" data-id=\"d31b037\" data-element_type=\"widget\" data-widget_type=\"heading.default\">\n\t\t\t\t<div class=\"elementor-widget-container\">\n\t\t\t<style>\/*! elementor - v3.20.0 - 20-03-2024 *\/\n.elementor-heading-title{padding:0;margin:0;line-height:1}.elementor-widget-heading .elementor-heading-title[class*=elementor-size-]>a{color:inherit;font-size:inherit;line-height:inherit}.elementor-widget-heading .elementor-heading-title.elementor-size-small{font-size:15px}.elementor-widget-heading .elementor-heading-title.elementor-size-medium{font-size:19px}.elementor-widget-heading .elementor-heading-title.elementor-size-large{font-size:29px}.elementor-widget-heading .elementor-heading-title.elementor-size-xl{font-size:39px}.elementor-widget-heading .elementor-heading-title.elementor-size-xxl{font-size:59px}<\/style><h2 class=\"elementor-heading-title elementor-size-default\">26 pa\u017adziernika 2024 roku w Warszawie, w siedzibie UA HAB - prezentacja\nprojektu CAREER NETWORKING HUB.\n<br\/>\nCAREER NETWORKING HUB - to innowacyjna platforma rozwoju kariery i\nintegracji obcokrajowc\u00f3w z Polskim \u015brodowiskiem zawodowym, kt\u00f3ra oferuje\nwyj\u0105tkowe mo\u017cliwo\u015bci wymiany do\u015bwiadcze\u0144, uczenia si\u0119 i budowania udanych\n\u015bcie\u017cek kariery.\n<br\/>\nW\u015br\u00f3d uczestnik\u00f3w s\u0105 nauczyciele, przedsi\u0119biorcy, lekarze.\nOrganizator prezentacji - koordynator projekt\u00f3w Fundacji Iryna Bratyshchenko<\/h2>\t\t<\/div>\n\t\t\t\t<\/div>\n\t\t\t\t<div class=\"elementor-element elementor-element-4b46e4c elementor-widget elementor-widget-heading\" data-id=\"4b46e4c\" data-element_type=\"widget\" data-widget_type=\"heading.default\">\n\t\t\t\t<div class=\"elementor-widget-container\">\n\t\t\t<h2 class=\"elementor-heading-title elementor-size-default\"><a href=\"https:\/\/fiwc.pl\/wp-content\/uploads\/2024\/11\/\u041f\u0420\u041e\u0415\u041a\u0422-CAREER-NETWORKING-HUB.docx.pdf\" target=\"_blank\">CAREER NETWORKING HUB.<\/a><\/h2>\t\t<\/div>\n\t\t\t\t<\/div>\n\t\t\t\t<div class=\"elementor-element elementor-element-e79e347 elementor-widget elementor-widget-text-editor\" data-id=\"e79e347\" data-element_type=\"widget\" data-widget_type=\"text-editor.default\">\n\t\t\t\t<div class=\"elementor-widget-container\">\n\t\t\t<style>\/*! elementor - v3.20.0 - 20-03-2024 *\/\n.elementor-widget-text-editor.elementor-drop-cap-view-stacked .elementor-drop-cap{background-color:#69727d;color:#fff}.elementor-widget-text-editor.elementor-drop-cap-view-framed .elementor-drop-cap{color:#69727d;border:3px solid;background-color:transparent}.elementor-widget-text-editor:not(.elementor-drop-cap-view-default) .elementor-drop-cap{margin-top:8px}.elementor-widget-text-editor:not(.elementor-drop-cap-view-default) .elementor-drop-cap-letter{width:1em;height:1em}.elementor-widget-text-editor .elementor-drop-cap{float:left;text-align:center;line-height:1;font-size:50px}.elementor-widget-text-editor .elementor-drop-cap-letter{display:inline-block}<\/style>\t\t\t\t<p>Data: 26 pa\u017adziernika 2024<\/p><p>Miejsce wydarzenia: Warszawa<\/p>\t\t\t\t\t\t<\/div>\n\t\t\t\t<\/div>\n\t\t\t\t<div class=\"elementor-element elementor-element-c940e9f elementor-arrows-position-inside elementor-pagination-position-outside elementor-widget elementor-widget-image-carousel\" data-id=\"c940e9f\" data-element_type=\"widget\" data-settings=\"{&quot;slides_to_show&quot;:&quot;4&quot;,&quot;image_spacing_custom&quot;:{&quot;unit&quot;:&quot;px&quot;,&quot;size&quot;:0,&quot;sizes&quot;:[]},&quot;navigation&quot;:&quot;both&quot;,&quot;autoplay&quot;:&quot;yes&quot;,&quot;pause_on_hover&quot;:&quot;yes&quot;,&quot;pause_on_interaction&quot;:&quot;yes&quot;,&quot;autoplay_speed&quot;:5000,&quot;infinite&quot;:&quot;yes&quot;,&quot;speed&quot;:500,&quot;image_spacing_custom_tablet&quot;:{&quot;unit&quot;:&quot;px&quot;,&quot;size&quot;:&quot;&quot;,&quot;sizes&quot;:[]},&quot;image_spacing_custom_mobile&quot;:{&quot;unit&quot;:&quot;px&quot;,&quot;size&quot;:&quot;&quot;,&quot;sizes&quot;:[]}}\" data-widget_type=\"image-carousel.default\">\n\t\t\t\t<div class=\"elementor-widget-container\">\n\t\t\t<style>\/*! elementor - v3.20.0 - 20-03-2024 *\/\n.elementor-widget-image-carousel .swiper,.elementor-widget-image-carousel .swiper-container{position:static}.elementor-widget-image-carousel .swiper-container .swiper-slide figure,.elementor-widget-image-carousel .swiper .swiper-slide figure{line-height:inherit}.elementor-widget-image-carousel .swiper-slide{text-align:center}.elementor-image-carousel-wrapper:not(.swiper-container-initialized):not(.swiper-initialized) .swiper-slide{max-width:calc(100% \/ var(--e-image-carousel-slides-to-show, 3))}<\/style>\t\t<div class=\"elementor-image-carousel-wrapper swiper\" dir=\"ltr\">\n\t\t\t<div class=\"elementor-image-carousel swiper-wrapper\" aria-live=\"off\">\n\t\t\t\t\t\t\t\t<div class=\"swiper-slide\" role=\"group\" aria-roledescription=\"slide\" aria-label=\"1 \u0438\u0437 15\"><figure class=\"swiper-slide-inner\"><img decoding=\"async\" class=\"swiper-slide-image\" src=\"https:\/\/fiwc.pl\/wp-content\/uploads\/2024\/11\/IMG_20241026_153103-scaled.jpg\" alt=\"IMG_20241026_153103\" \/><\/figure><\/div><div class=\"swiper-slide\" role=\"group\" aria-roledescription=\"slide\" aria-label=\"2 \u0438\u0437 15\"><figure class=\"swiper-slide-inner\"><img decoding=\"async\" class=\"swiper-slide-image\" src=\"https:\/\/fiwc.pl\/wp-content\/uploads\/2024\/11\/IMG_20241026_153110-scaled.jpg\" alt=\"IMG_20241026_153110\" \/><\/figure><\/div><div class=\"swiper-slide\" role=\"group\" aria-roledescription=\"slide\" aria-label=\"3 \u0438\u0437 15\"><figure class=\"swiper-slide-inner\"><img decoding=\"async\" class=\"swiper-slide-image\" src=\"https:\/\/fiwc.pl\/wp-content\/uploads\/2024\/11\/IMG_20241026_153121-scaled.jpg\" alt=\"IMG_20241026_153121\" \/><\/figure><\/div><div class=\"swiper-slide\" role=\"group\" aria-roledescription=\"slide\" aria-label=\"4 \u0438\u0437 15\"><figure class=\"swiper-slide-inner\"><img decoding=\"async\" class=\"swiper-slide-image\" src=\"https:\/\/fiwc.pl\/wp-content\/uploads\/2024\/11\/IMG_20241026_163217-scaled.jpg\" alt=\"IMG_20241026_163217\" \/><\/figure><\/div><div class=\"swiper-slide\" role=\"group\" aria-roledescription=\"slide\" aria-label=\"5 \u0438\u0437 15\"><figure class=\"swiper-slide-inner\"><img decoding=\"async\" class=\"swiper-slide-image\" src=\"https:\/\/fiwc.pl\/wp-content\/uploads\/2024\/11\/IMG_20241026_163226-scaled.jpg\" alt=\"IMG_20241026_163226\" \/><\/figure><\/div><div class=\"swiper-slide\" role=\"group\" aria-roledescription=\"slide\" aria-label=\"6 \u0438\u0437 15\"><figure class=\"swiper-slide-inner\"><img decoding=\"async\" class=\"swiper-slide-image\" src=\"https:\/\/fiwc.pl\/wp-content\/uploads\/2024\/11\/IMG_20241026_163438.jpg\" alt=\"IMG_20241026_163438\" \/><\/figure><\/div><div class=\"swiper-slide\" role=\"group\" aria-roledescription=\"slide\" aria-label=\"7 \u0438\u0437 15\"><figure class=\"swiper-slide-inner\"><img decoding=\"async\" class=\"swiper-slide-image\" src=\"https:\/\/fiwc.pl\/wp-content\/uploads\/2024\/11\/IMG_20241026_175250-scaled.jpg\" alt=\"IMG_20241026_175250\" \/><\/figure><\/div><div class=\"swiper-slide\" role=\"group\" aria-roledescription=\"slide\" aria-label=\"8 \u0438\u0437 15\"><figure class=\"swiper-slide-inner\"><img decoding=\"async\" class=\"swiper-slide-image\" src=\"https:\/\/fiwc.pl\/wp-content\/uploads\/2024\/11\/IMG_20241026_175337-scaled.jpg\" alt=\"IMG_20241026_175337\" \/><\/figure><\/div><div class=\"swiper-slide\" role=\"group\" aria-roledescription=\"slide\" aria-label=\"9 \u0438\u0437 15\"><figure class=\"swiper-slide-inner\"><img decoding=\"async\" class=\"swiper-slide-image\" src=\"https:\/\/fiwc.pl\/wp-content\/uploads\/2024\/11\/IMG_20241027_152719-scaled.jpg\" alt=\"IMG_20241027_152719\" \/><\/figure><\/div><div class=\"swiper-slide\" role=\"group\" aria-roledescription=\"slide\" aria-label=\"10 \u0438\u0437 15\"><figure class=\"swiper-slide-inner\"><img decoding=\"async\" class=\"swiper-slide-image\" src=\"https:\/\/fiwc.pl\/wp-content\/uploads\/2024\/11\/IMG_20241027_152813.jpg\" alt=\"IMG_20241027_152813\" \/><\/figure><\/div><div class=\"swiper-slide\" role=\"group\" aria-roledescription=\"slide\" aria-label=\"11 \u0438\u0437 15\"><figure class=\"swiper-slide-inner\"><img decoding=\"async\" class=\"swiper-slide-image\" src=\"https:\/\/fiwc.pl\/wp-content\/uploads\/2024\/11\/Messenger_creation_0C062C76-7B9F-4373-8037-A17D62946F2B.jpeg\" alt=\"Messenger_creation_0C062C76-7B9F-4373-8037-A17D62946F2B\" \/><\/figure><\/div><div class=\"swiper-slide\" role=\"group\" aria-roledescription=\"slide\" aria-label=\"12 \u0438\u0437 15\"><figure class=\"swiper-slide-inner\"><img decoding=\"async\" class=\"swiper-slide-image\" src=\"https:\/\/fiwc.pl\/wp-content\/uploads\/2024\/11\/Messenger_creation_1A8F5826-9D82-4F35-8AFB-ED054643FA07.jpeg\" alt=\"Messenger_creation_1A8F5826-9D82-4F35-8AFB-ED054643FA07\" \/><\/figure><\/div><div class=\"swiper-slide\" role=\"group\" aria-roledescription=\"slide\" aria-label=\"13 \u0438\u0437 15\"><figure class=\"swiper-slide-inner\"><img decoding=\"async\" class=\"swiper-slide-image\" src=\"https:\/\/fiwc.pl\/wp-content\/uploads\/2024\/11\/Messenger_creation_45DF216A-5184-4BB3-A48C-54077134BB13.jpeg\" alt=\"Messenger_creation_45DF216A-5184-4BB3-A48C-54077134BB13\" \/><\/figure><\/div><div class=\"swiper-slide\" role=\"group\" aria-roledescription=\"slide\" aria-label=\"14 \u0438\u0437 15\"><figure class=\"swiper-slide-inner\"><img decoding=\"async\" class=\"swiper-slide-image\" src=\"https:\/\/fiwc.pl\/wp-content\/uploads\/2024\/11\/Messenger_creation_AF0E7BAC-C4F8-46C0-862D-54FD6DDF9567.jpeg\" alt=\"Messenger_creation_AF0E7BAC-C4F8-46C0-862D-54FD6DDF9567\" \/><\/figure><\/div><div class=\"swiper-slide\" role=\"group\" aria-roledescription=\"slide\" aria-label=\"15 \u0438\u0437 15\"><figure class=\"swiper-slide-inner\"><img decoding=\"async\" class=\"swiper-slide-image\" src=\"https:\/\/fiwc.pl\/wp-content\/uploads\/2024\/11\/Messenger_creation_D5228256-5F81-4058-8EDB-CC9C5E5621B3.jpeg\" alt=\"Messenger_creation_D5228256-5F81-4058-8EDB-CC9C5E5621B3\" \/><\/figure><\/div>\t\t\t<\/div>\n\t\t\t\t\t\t\t\t\t\t\t\t<div class=\"elementor-swiper-button elementor-swiper-button-prev\" role=\"button\" tabindex=\"0\">\n\t\t\t\t\t\t<svg aria-hidden=\"true\" class=\"e-font-icon-svg e-eicon-chevron-left\" viewBox=\"0 0 1000 1000\" xmlns=\"http:\/\/www.w3.org\/2000\/svg\"><path d=\"M646 125C629 125 613 133 604 142L308 442C296 454 292 471 292 487 292 504 296 521 308 533L604 854C617 867 629 875 646 875 663 875 679 871 692 858 704 846 713 829 713 812 713 796 708 779 692 767L438 487 692 225C700 217 708 204 708 187 708 171 704 154 692 142 675 129 663 125 646 125Z\"><\/path><\/svg>\t\t\t\t\t<\/div>\n\t\t\t\t\t<div class=\"elementor-swiper-button elementor-swiper-button-next\" role=\"button\" tabindex=\"0\">\n\t\t\t\t\t\t<svg aria-hidden=\"true\" class=\"e-font-icon-svg e-eicon-chevron-right\" viewBox=\"0 0 1000 1000\" xmlns=\"http:\/\/www.w3.org\/2000\/svg\"><path d=\"M696 533C708 521 713 504 713 487 713 471 708 454 696 446L400 146C388 133 375 125 354 125 338 125 325 129 313 142 300 154 292 171 292 187 292 204 296 221 308 233L563 492 304 771C292 783 288 800 288 817 288 833 296 850 308 863 321 871 338 875 354 875 371 875 388 867 400 854L696 533Z\"><\/path><\/svg>\t\t\t\t\t<\/div>\n\t\t\t\t\n\t\t\t\t\t\t\t\t\t<div class=\"swiper-pagination\"><\/div>\n\t\t\t\t\t\t\t\t\t<\/div>\n\t\t\t\t<\/div>\n\t\t\t\t<\/div>\n\t\t\t\t<\/div>\n\t\t\t\t<\/div>\n\t\t","protected":false},"excerpt":{"rendered":"<p>26 pa\u017adziernika 2024 roku w Warszawie, w siedzibie UA HAB &#8212; prezentacja projektu CAREER NETWORKING HUB. CAREER NETWORKING HUB &#8212; to innowacyjna platforma rozwoju kariery i integracji obcokrajowc\u00f3w z Polskim \u015brodowiskiem zawodowym, kt\u00f3ra oferuje wyj\u0105tkowe mo\u017cliwo\u015bci wymiany do\u015bwiadcze\u0144, uczenia si\u0119 i budowania udanych \u015bcie\u017cek kariery. W\u015br\u00f3d uczestnik\u00f3w s\u0105 nauczyciele, przedsi\u0119biorcy, lekarze. Organizator prezentacji &#8212; koordynator &#8230; <a title=\"CAREER NETWORKING HUB.\" class=\"read-more\" href=\"https:\/\/fiwc.pl\/?page_id=1434\" aria-label=\"Read more about CAREER NETWORKING HUB.\">\u0427\u0438\u0442\u0430\u0442\u044c \u0434\u0430\u043b\u0435\u0435<\/a><\/p>\n","protected":false},"author":1,"featured_media":0,"parent":0,"menu_order":0,"comment_status":"closed","ping_status":"closed","template":"","meta":{"footnotes":""},"class_list":["post-1434","page","type-page","status-publish"],"_links":{"self":[{"href":"https:\/\/fiwc.pl\/index.php?rest_route=\/wp\/v2\/pages\/1434","targetHints":{"allow":["GET"]}}],"collection":[{"href":"https:\/\/fiwc.pl\/index.php?rest_route=\/wp\/v2\/pages"}],"about":[{"href":"https:\/\/fiwc.pl\/index.php?rest_route=\/wp\/v2\/types\/page"}],"author":[{"embeddable":true,"href":"https:\/\/fiwc.pl\/index.php?rest_route=\/wp\/v2\/users\/1"}],"replies":[{"embeddable":true,"href":"https:\/\/fiwc.pl\/index.php?rest_route=%2Fwp%2Fv2%2Fcomments&post=1434"}],"version-history":[{"count":10,"href":"https:\/\/fiwc.pl\/index.php?rest_route=\/wp\/v2\/pages\/1434\/revisions"}],"predecessor-version":[{"id":1466,"href":"https:\/\/fiwc.pl\/index.php?rest_route=\/wp\/v2\/pages\/1434\/revisions\/1466"}],"wp:attachment":[{"href":"https:\/\/fiwc.pl\/index.php?rest_route=%2Fwp%2Fv2%2Fmedia&parent=1434"}],"curies":[{"name":"wp","href":"https:\/\/api.w.org\/{rel}","templated":true}]}}